{"id":18653,"date":"2022-05-10T08:52:49","date_gmt":"2022-05-10T06:52:49","guid":{"rendered":"https:\/\/dev.pgwear.net\/p\/vac22-recznik-1312\/"},"modified":"2026-03-27T12:43:27","modified_gmt":"2026-03-27T11:43:27","slug":"vac22-recznik-1312","status":"publish","type":"product","link":"https:\/\/pgwear.net\/pl\/p\/vac22-recznik-1312\/","title":{"rendered":"R\u0119cznik &#8220;1312&#8221;"},"content":{"rendered":"<p>Czy pami\u0119tasz jeszcze te gor\u0105ce dni, kiedy le\u017ca\u0142e\u015b na z\u0142otej piaszczystej pla\u017cy i flirtowa\u0142e\u015b z kilkoma \u0142adnymi laskami, a to wszystko na tle b\u0142\u0119kitnego oceanu? A te wszystkie gor\u0105ce noce pe\u0142ne szalonych, nieko\u0144cz\u0105cych si\u0119 imprez i przyg\u00f3d z Twoimi najlepszymi kumplami? Ile wtedy mog\u0142e\u015b wypi\u0107? Zak\u0142adam minimum 1312 co noc \ud83d\ude42 Aaaa z reszt\u0105 kogo to obchodzi \u2013 dobra zabawa nie ma granic!<br \/>\nPostanowili\u015bmy zako\u0144czy\u0107 t\u0119 nostalgi\u0119 i sprawi\u0107, \u017ce marzenia zn\u00f3w si\u0119 spe\u0142ni\u0105! Z wielk\u0105 przyjemno\u015bci\u0105 og\u0142aszamy otwarcie naszego nowego baru o nazwie &#8220;costACABana&#8221;!<br \/>\nHehehe\u2026 to by by\u0142o spoko co? Niestety, na spe\u0142nienie tego marzenia musimy jeszcze troch\u0119 poczeka\u0107, ale mamy dla Was co\u015b specjalnego!<\/p>\n","protected":false},"excerpt":{"rendered":"<p>Wakacje w kibicowskim stylu? Oczywi\u015bcie, \u017ce tak! Ten wyj\u0105tkowy r\u0119cznik z grafik\u0105 \u201e1312\u201d jest niezb\u0119dnym produktem ka\u017cdego kibola na wakacjach!<\/p>\n","protected":false},"featured_media":20294,"template":"","meta":{"_acf_changed":false},"product_brand":[],"product_cat":[375,376,3520],"product_tag":[2140,3614],"class_list":{"0":"post-18653","1":"product","2":"type-product","3":"status-publish","4":"has-post-thumbnail","6":"product_cat-akcesoria","7":"product_cat-nowosci","8":"product_cat-reczniki","9":"product_tag-copacabana","10":"product_tag-summer-capsule","11":"pa_kolekcja-wakacje-22","12":"pa_kolor-czarny","13":"pa_material-100-bawelna-tyl","14":"pa_material-100-poliester-przod","15":"feature-2211","16":"feature-motyw-pyro","17":"feature-recznik","19":"first","20":"instock","21":"taxable","22":"shipping-taxable","23":"purchasable","24":"product-type-simple"},"acf":[],"_links":{"self":[{"href":"https:\/\/pgwear.net\/pl\/wp-json\/wp\/v2\/product\/18653","targetHints":{"allow":["GET"]}}],"collection":[{"href":"https:\/\/pgwear.net\/pl\/wp-json\/wp\/v2\/product"}],"about":[{"href":"https:\/\/pgwear.net\/pl\/wp-json\/wp\/v2\/types\/product"}],"wp:featuredmedia":[{"embeddable":true,"href":"https:\/\/pgwear.net\/pl\/wp-json\/wp\/v2\/media\/20294"}],"wp:attachment":[{"href":"https:\/\/pgwear.net\/pl\/wp-json\/wp\/v2\/media?parent=18653"}],"wp:term":[{"taxonomy":"product_brand","embeddable":true,"href":"https:\/\/pgwear.net\/pl\/wp-json\/wp\/v2\/product_brand?post=18653"},{"taxonomy":"product_cat","embeddable":true,"href":"https:\/\/pgwear.net\/pl\/wp-json\/wp\/v2\/product_cat?post=18653"},{"taxonomy":"product_tag","embeddable":true,"href":"https:\/\/pgwear.net\/pl\/wp-json\/wp\/v2\/product_tag?post=18653"}],"curies":[{"name":"wp","href":"https:\/\/api.w.org\/{rel}","templated":true}]}}

Ręcznik &#8220;1312&#8221;

<p>Czy pamiętasz jeszcze te gorące dni, kiedy leżałeś na złotej piaszczystej plaży i flirtowałeś z kilkoma ładnymi laskami, a to wszystko na tle błękitnego oceanu? A te wszystkie gorące noce pełne szalonych, niekończących się imprez i przygód z Twoimi najlepszymi kumplami? Ile wtedy mogłeś wypić? Zakładam minimum 1312 co noc 🙂 Aaaa z resztą kogo to obchodzi – dobra zabawa nie ma granic!<br />
Postanowiliśmy zakończyć tę nostalgię i sprawić, że marzenia znów się spełnią! Z wielką przyjemnością ogłaszamy otwarcie naszego nowego baru o nazwie &#8220;costACABana&#8221;!<br />
Hehehe… to by było spoko co? Niestety, na spełnienie tego marzenia musimy jeszcze trochę poczekać, ale mamy dla Was coś specjalnego!</p>

<p>Wakacje w kibicowskim stylu? Oczywiście, że tak! Ten wyjątkowy ręcznik z grafiką „1312” jest niezbędnym produktem każdego kibola na wakacjach!</p>
